 = 24 + -13. What is the greatest common divisor of 77 and a?
11
Let p = -22 - -21. Let b be -70*4/(-3 + p). Calculate the greatest common divisor of b and 14.
14
Let o be (0 - -4) + 19 + -3. Let g(q) = q**3 + 6*q**2 - 3*q. Let k be g(-5). Calculate the greatest common divisor of o and k.
20
Let b(u) = u**3 + 5*u**2 + 2*u. Let s be b(-3). Calculate the greatest common factor of s and 48.
12
Suppose -m + 0*m + a = 9, -2*m = -a + 20. Let k = m - -21. Let r = -10 - -14. What is the greatest common factor of r and k?
2
Suppose 77 = 7*n - 35. Calculate the highest common divisor of 16 and n.
16
Let c be (-157)/(-4) + (-2)/8. Let a(r) = r**3 + 6*r**2 + r + 6. Let d be a(-5). What is the highest common divisor of c and d?
13
Suppose 0 = -2*k + 3*f + 16, k - 5*f - 17 = -9. What is the highest common factor of 20 and k?
4
Let d(a) = -a + 11. Let q be d(8). Suppose q*r = -r + 416. What is the highest common divisor of r and 13?
13
Let i(b) = 5*b**2 + b + 2. Let k be i(2). Suppose -190 = -5*f - 0*f. Suppose 44 = 4*r - 4*y, y = 3*r - y - f. Calculate the highest common divisor of r and k.
8
Suppose 0 = -4*c - w + 18, -3*c - 1 = -w - 18. Suppose -c*x + 4*j + 42 = 0, 2*x - 4*j - 9 = -5*j. Calculate the highest common factor of 30 and x.
6
Suppose -5*u - 5*g + 5 = 0, 4*g + 0*g + 4 = 0. Calculate the highest common factor of u and 4.
2
Let q(t) = t**2 - t + 53. Let d be q(0). Let i = d - 28. Suppose -3*b + 7 + 8 = 0. Calculate the highest common divisor of i and b.
5
Suppose 0 = 2*u - 29 - 5. Suppose 0*b = -b + 187. Calculate the greatest common divisor of u and b.
17
Let t(n) = -25*n - 25. Let d(f) = 4*f + 4. Let w(l) = 39*d(l) + 6*t(l). Let m = 3 + 2. Let k be w(m). What is the highest common factor of 18 and k?
18
Suppose -3*n + 4 + 5 = 0. Let v be ((-66)/(-10))/((-6)/(-30)). Calculate the highest common divisor of v and n.
3
Let k be (-16)/6*3/(-1). Let r(v) = v - 1. Let a be r(k). Let y be 14*(0/3 + a). What is the highest common divisor of y and 14?
14
Let q = 16 - 5. Suppose -4*g + q = -29. Calculate the highest common divisor of 10 and g.
10
Suppose -29 = -4*c - 2*q + q, -3*c + 4*q - 2 = 0. Suppose 7*d - 24 = c*d. Let n be (0 - 0) + (1 - -15). What is the greatest common divisor of d and n?
8
Let a(i) = 39*i**3 - 2*i**2 - 2. Let g(t) = -3 + 5 - 1. Let z(v) = -a(v) - 3*g(v). Let x be z(-1). What is the highest common factor of 10 and x?
10
Suppose 10*q - 26 = 34. What is the highest common factor of 6 and q?
6
Let d(t) = t**3 + 7*t**2 + 2*t - 12. Let n be d(-6). Let j be (18/24)/((-2)/(-128)). What is the highest common divisor of j and n?
12
Let n(u) = 30*u**2 - u + 1. Let h be n(1). What is the highest common divisor of h and 165?
15
Let q(z) = -z**2 + 15*z + 19. Let s be q(16). Calculate the greatest common factor of s and 3.
3
Suppose -77 = -3*q + 4*t, 2*q + t - 14 = 19. What is the highest common divisor of 76 and q?
19
Let s be 0 - -8 - (-5 - -7). Suppose 24 = 3*b + s. What is the greatest common factor of b and 6?
6
Let r(k) = -k**2 + 244. Let p be r(0). Suppose 3*a - 5*u - p = -27, -2*u = -4*a + 266. Suppose -1 + 9 = z. Calculate the highest common factor of a and z.
8
Let c = -67 - -34. Let t = c + 98. Calculate the greatest common factor of t and 13.
13
Let p(f) = -2 - 4*f + 3 + 3*f. Let j(d) = d - 2. Let n(o) = 5*j(o) + 8*p(o). Let t be n(-3). What is the greatest common factor of 14 and t?
7
Suppose -3*t = -t - 16. Calculate the greatest common divisor of 72 and t.
8
Let l = 11 - 8. Let u(a) = 0*a**3 - 4 - 2*a + 2*a**2 - 4*a**l + 5 - a**3. Let v be u(-3). Calculate the highest common factor of v and 20.
20
Let c(i) = -i**2 - 7*i. Let z be c(-3). Suppose -z = 4*r - 4*k + 4, r - 2*k = -7. Let x be -4*(r - (-35)/(-4)). What is the highest common factor of x and 26?
13
Let b(q) = -q + 6. Let n be b(-5). Let k be (1 - -64 - 2) + 0. Let x = k + -8. Calculate the highest common factor of n and x.
11
Let r = 7 + -4. Suppose 5*q + r = 28. Suppose 2*g - 5 - q = 0. Calculate the highest common factor of g and 40.
5
Let m = 52 - 24. Suppose -4*a = -2*q - 20, -2*a = -5*a - 3*q + 33. Calculate the greatest common factor of m and a.
7
Let j = 16 - 11. Suppose -j*n = -n - 336. Calculate the highest common divisor of n and 12.
12
Let i be (21/2)/((-16)/(-32)). What is the highest common divisor of i and 147?
21
Let p = 41 + -22. What is the highest common divisor of 152 and p?
19
Let n be (-636)/(-28) + 2/7. Suppose 4*x - 2*x = 3*u + n, -2*x + 15 = 5*u. Let y = -31 - -71. What is the highest common divisor of y and x?
10
Let m be 46/6 - 4/(-12). Suppose 3*p - 3*q - 11 + 44 = 0, 3*q - 3 = 0. Let c = p + 18. What is the highest common factor of m and c?
8
Suppose g = -2*k + 17, -k = -g - 0*g - 13. Calculate the greatest common divisor of 90 and k.
10
Let v(a) = a + 6. Let g be v(-3). Suppose 0 = -g*m + m + 50. Calculate the greatest common divisor of 275 and m.
25
Suppose -72 = -9*f - 0. Calculate the greatest common divisor of f and 64.
8
Suppose -2*b = -4*d - 10, 4*d + 3 = 4*b - 9. Suppose -4*p + 21 = -7. Suppose -2*r + 1 = -p. What is the greatest common divisor of b and r?
1
Let p = 94 - 66. What is the highest common divisor of p and 28?
28
Let a be 1/((-6204)/(-1552) + -4). Let y = 39 - 55. Let f be a/y + (-1)/4. What is the greatest common factor of f and 36?
12
Let b = 32 - -1. Calculate the greatest common divisor of 363 and b.
33
Let q be 2 - 1 - -30*1/2. What is the highest common factor of 96 and q?
16
Let s(m) = -m - 4. Let r be s(-7). Let t be 3 - (0 + 1)*-2. Suppose r*l + 26 = t*l. What is the greatest common factor of l and 117?
13
Suppose -2*h + 4*h = -3*l + 20, 25 = -5*h. Suppose 2*w + 20 = 7*w. Calculate the greatest common divisor of w and l.
2
Suppose 62*d = 60*d + 198. Calculate the highest common factor of 11 and d.
11
Let t(x) = x**2 + 2*x - 8. Let j be t(-6). Let v = 71 - j. Calculate the highest common divisor of v and 5.
5
Suppose 80 = -2*h + 6*h. What is the highest common divisor of 50 and h?
10
Suppose 0 = 3*x + 3*j - 92 - 205, 2*j = 5*x - 488. Calculate the greatest common factor of 14 and x.
14
Let j be (-3 - (2 + -2) - 0)*-3. What is the greatest common divisor of j and 27?
9
Suppose -3*h = 3 + 3. Let m = h + 22. Let i = m + -13. Calculate the highest common divisor of 7 and i.
7
Let g = 71 + -50. Suppose -4*c + 20 = 4*q, q - g = -2*q - c. Calculate the highest common divisor of q and 16.
8
Suppose -9 = c - 32. What is the highest common divisor of 23 and c?
23
Let c(i) = i - 12. Let n be c(0). Let d = n - -26. What is the greatest common divisor of 21 and d?
7
Let y = 20 + 2. Suppose -2*n = 2*z + 3 - 5, 2*n = -4*z + 6. What is the greatest common divisor of y and z?
2
Let r be (-21)/(-3) - ((-72)/(-9))/8. Let j = -17 + 29. What is the greatest common factor of r and j?
6
Let z(v) = -v - 1. Let a(l) = 3*l**2 - 13*l + 7. Let k(s) = a(s) + 4*z(s). Let m be k(10). Calculate the greatest common factor of 19 and m.
19
Let s(d) = -d**3 + 10*d**2 - 4*d - 4. Let o be s(4). Suppose -4*h + 45 + 31 = 3*w, -4*h + 76 = 5*w. Calculate the highest common divisor of h and o.
19
Let o = -5 - -1. Let v be 5/o + (-2)/(-8). Let f be 44/(-10)*5/v. Calculate the greatest common factor of 33 and f.
11
Suppose v + 0*v = 5*m - 342, 0 = 5*m - 5*v - 330. Let q = m + -20. What is the highest common factor of 7 and q?
7
Let s(v) = -v - 1 + 0*v**2 - 4 - v**2. Let i be s(0). Let t(o) = -o - 1. Let q be t(i). Calculate the greatest common divisor of 28 and q.
4
Suppose -8*n + 2 = -7*n. What is the highest common divisor of 26 and n?
2
Let f be (-11)/(55/(-240)) + -3. Calculate the highest common factor of f and 5.
5
Let r = 6 - -13. Suppose -159 + r = -2*w. Calculate the greatest common factor of 28 and w.
14
Let j = 17 + -38. Let c be j*((-10)/6 + 1). What is the highest common factor of 14 and c?
14
Suppose h = -0*k + k + 22, -2*k = -5*h + 116. What is the highest common factor of h and 3?
3
Let r = 7 + 2. Let v = r - 7. Let g = 14 - -4. What is the greatest common factor of v and g?
2
Suppose -4*k + 3*x + 39 = -4, -5*x = 2*k - 15. Calculate the greatest common divisor of k and 10.
10
Let f = 4 + -3. Suppose 1 + f = w. What is the highest common divisor of 22 and w?
2
Let k be 40/12*9/6. Let w(v) = 3*v**2 - 4*v. Let o be w(5). Calculate the highest co